est common divisor of b and r?
7
Suppose -92 = -4*p - 4*a, 6*p = 8*p - 5*a - 46. Let l = 112 + -20. What is the greatest common divisor of p and l?
23
Let i(x) = 12*x - 10. Let f be i(-5). Let g = f + 120. Let r = -32 + g. Calculate the highest common divisor of 12 and r.
6
Let a(d) = -265*d + 21. Let n be a(-3). Suppose -9*y + n = 8*y. What is the greatest common divisor of 32 and y?
16
Suppose -2*j + 712 = -h, 3*j - 1230 = -h - 172. Calculate the highest common divisor of 118 and j.
118
Suppose 0 = -8*n - 253 + 1757. Calculate the greatest common divisor of 4 and n.
4
Suppose -5*b = 8 - 28, d - 24 = -b. Let f(l) = -l**2 - 7*l - 6. Let q be f(-4). Suppose -m - 300 = -q*m. What is the highest common factor of d and m?
20
Suppose -30*x + 1445 = -325. Calculate the highest common factor of 767 and x.
59
Let p(q) = 2*q**3 + 16*q**2 + 19*q + 28. Let s be p(-6). What is the greatest common divisor of s and 290?
58
Suppose -329*i = -314*i - 5070. What is the highest common factor of 39 and i?
13
Let n(i) = -i**3 - 2*i**2 + 3*i - 6. Let c be n(-5). Suppose -2*l + 4*j + 42 = 0, 0 = -5*j + j + 12. What is the highest common factor of c and l?
27
Let b(g) = 36*g + 308. Let t be b(-7). What is the greatest common factor of t and 80?
8
Suppose 4*t = -4, 5*t - 3*t + 10 = 4*q. Suppose -23 = q*z - 47. What is the greatest common factor of 3 and z?
3
Let r be (468/(-28) + 1)*-14. Suppose -148*g = -143*g - r. What is the highest common divisor of 484 and g?
44
Suppose -177*c + 171*c = -840. What is the greatest common factor of c and 175?
35
Let q be 2*-2*1/(-2). Suppose -5*x = -2*i + 7, -i = -x - 7 + q. Calculate the highest common factor of 30 and i.
6
Let j be -10*4/((-32)/4). Suppose 0 = 4*q - 3*w + 7, 2*q + 9 - 2 = j*w. Let v be (126 + 0)*(-1)/q. Calculate the highest common factor of 18 and v.
18
Let v = 36 + -33. Let t = v - 0. What is the highest common divisor of 24 and t?
3
Suppose -7*t = -428 - 307. Calculate the highest common factor of t and 35.
35
Suppose -2*o + 3*g = -0*o + 37, 2*g = -4*o - 34. Let s = -4 - o. Let p = 5 + 30. Calculate the greatest common factor of s and p.
7
Let b = 53 - 61. Let q be (-2)/(17/b - -2). What is the greatest common factor of q and 64?
16
Let q(g) = -14*g + 3. Let z be q(-6). Suppose 0 = -5*v + z + 8. Let u = 2033 + -1900. What is the highest common divisor of u and v?
19
Suppose 3*q + 135 = 3*i, -2*i + 4*i - 102 = -q. Suppose -4*z - 53 - 63 = 0. Let p = z + i. Calculate the highest common factor of 60 and p.
20
Let p be ((-24)/42)/((-3)/84). What is the highest common factor of 432 and p?
16
Let u(g) = 14*g**2 - 4*g + 2. Let y(d) = -d + 11. Let o be y(9). Let s be u(o). What is the highest common divisor of 75 and s?
25
Let f(x) = x**3 + 4*x**2 - 4. Let c be f(-5). Let j = 2 + c. Let d = j + 46. Calculate the greatest common divisor of 209 and d.
19
Let u(x) = 5*x**3 + 4 + x**2 - 3*x + 1 - 4*x**3. Suppose 4*j + 3*j - 35 = 0. Let c be u(j). Calculate the greatest common factor of c and 14.
14
Let j be -7 + (-520)/(-70) - (-6913)/7. Calculate the highest common factor of 76 and j.
76
Let o(l) = -l**2 - 6*l. Let k be o(-5). Suppose 4*g = 4*u + 296, u - 41 = -k*g + 299. Calculate the highest common factor of 46 and g.
23
Let z(r) be the first derivative of -r**4/4 - 4*r**3 - 17*r + 26. Let k be z(-13). Calculate the greatest common divisor of k and 19.
19
Let t = -670 - -470. Let c be t/(-14) - 20/70. Calculate the greatest common divisor of 98 and c.
14
Let n = -67 - -38. Let u = n - -41. What is the greatest common factor of u and 48?
12
Let k = 21 - 16. Suppose b - 2*t + 56 = -4*t, 3*b = -4*t - 164. Let j = b - -77. Calculate the greatest common divisor of j and k.
5
Let h = 5 - 5. Suppose -5*v + l + h*l + 11 = 0, 4*v - 10 = 2*l. Let g be (-15)/(-9) + (-6)/(-18). Calculate the greatest common divisor of v and g.
2
Let x(r) = 12*r + 744. Let i be x(-59). Calculate the greatest common factor of 1692 and i.
36
Suppose -q = -4*s + 143, q + 3*s - 715 = 6*q. Let m = 55 + q. Let p be (7/(-4))/(2/m). Calculate the greatest common divisor of p and 11.
11
Suppose 251*b + 2856 = 272*b. Calculate the highest common factor of b and 32.
8
Let z(v) = -2*v**2 - 11*v - 2. Let r be z(-6). Let y be (-8879)/(-52) + (-2)/r. Calculate the highest common divisor of 19 and y.
19
Suppose 2*i = -30 - 0. Let b be (1 + -2)/(-1)*-2. Let d be 2*(2 + i/b). Calculate the greatest common factor of d and 133.
19
Suppose -7*f + 24 = -9*f. Let q = 1 - f. Calculate the greatest common divisor of 39 and q.
13
Let g = -63 - -219. Calculate the greatest common divisor of g and 416.
52
Let x(l) = -l**3 - 3*l**2 + 21*l + 90. Let v be x(-6). What is the highest common divisor of 192 and v?
24
Suppose -6 = 2*r - 4*h, 0*r - 4*r - 4*h + 24 = 0. Suppose -20 = -c - 4*c + 2*b, -5*b = r*c - 12. What is the greatest common factor of 32 and c?
4
Let s be (-30)/4*72/(-30). What is the highest common divisor of 45 and s?
9
Suppose 2*x + 0*d - 307 = -3*d, -611 = -4*x - 3*d. What is the highest common factor of 114 and x?
38
Suppose 2*n + 39 = 3*m + 14, 5*m + 3*n - 10 = 0. What is the greatest common divisor of m and 155?
5
Suppose 0*n - 10 = -5*n. Let t(c) = 2*c + 1. Let m be t(n). Suppose -4*w = -o + 28, -8 + 1 = -4*o - m*w. What is the highest common divisor of 4 and o?
4
Let f(t) = t**3 - t + 3. Let b be f(0). Let o = 1 - b. Let p be ((-16)/(-20))/(o/(-55)). What is the greatest common factor of 33 and p?
11
Suppose 5*m = d - 21, -15*m = -4*d - 12*m + 33. Calculate the greatest common factor of d and 426.
6
Suppose 0*y = y - 4. Suppose 0 = -8*h + h. Suppose h = y*j + b - 4*b - 28, 0 = 5*j - 2*b - 42. Calculate the greatest common divisor of 20 and j.
10
Suppose -z - d = -5, 34 = 2*z - 2*d - 2*d. Suppose 0 = 4*q - 19 - 17. What is the greatest common divisor of z and q?
9
Let q(o) = -o**2 - 7*o. Let n = 21 - 27. Let z be q(n). What is the greatest common factor of 12 and z?
6
Let p = 142 - 97. Let n = 18 + -19. Let o be 9*n/3*10/(-6). Calculate the highest common divisor of o and p.
5
Let v(h) = -h**3 - 5*h**2 - 3*h + 4. Let q be v(-4). Suppose q*k + k - 23 = 0. Let j = 237 - 168. Calculate the highest common divisor of k and j.
23
Let l be (12/4 + -3)/(-2). Suppose 0*v - 7*v + 70 = l. Suppose -558 - 1872 = -v*g. What is the highest common divisor of 27 and g?
27
Let i(v) = v**3 + 8*v**2 + 12*v + 15. Let a be i(-5). What is the greatest common factor of a and 165?
15
Let x(m) = m**2 + 32. Let f = 6 - 6. Let o be x(f). Let q be (10/(-15))/(2/(-240)). Calculate the highest common divisor of q and o.
16
Let w be (3/(-5 - -2))/((-2)/50). Let f = 47 - w. Calculate the highest common factor of 2 and f.
2
Let x be (-296)/(-10) + 10/25. Suppose -8*g + x = -5*g. Calculate the greatest common factor of 30 and g.
10
Let d be (-5 + (-341)/(-55))/(4/10). What is the greatest common factor of d and 159?
3
Let b(p) = -p**3 - 16*p**2 - 35*p - 54. Let f be b(-14). What is the greatest common divisor of f and 77?
11
Let t(k) = 161*k**3 - k**2 - 15*k - 5. Let l be t(3). What is the greatest common factor of l and 67?
67
Let z be (-1 + 9/5)*15. Let l be (-6 - -2)/(z/(-30)). What is the greatest common divisor of 40 and l?
10
Let l(a) = -2*a - 5. Let k be l(-5). Suppose -d = k*c - 4*d - 690, -5*d = 3*c - 380. Suppose -2*y = -4*y + 30. Calculate the highest common factor of c and y.
15
Let g = -56 + 84. Calculate the highest common divisor of 56 and g.
28
Suppose 0 = 3*d + 5*a - 164, -3*d = -6*d - 3*a + 156. Let c = d - -8. Calculate the greatest common factor of 28 and c.
28
Let d be 91187/670 + (-3)/30. Calculate the greatest common divisor of d and 40.
8
Let f(n) = 117*n**3 - 2*n**2 - 17*n + 18. Let b be f(1). Calculate the highest common divisor of b and 8.
4
Let x = -27 + 33. Let y = -5 - x. Let z be 1 - y - (-10 - -11). What is the greatest common divisor of 99 and z?
11
Suppose -4*c + 5*c = 0. Suppose 3*j + 4*r + 6 = c, -3 + 11 = -4*j - 2*r. Let n be (-158)/(-13) + j/13. Calculate the greatest common divisor of 108 and n.
12
Let k(w) = w**2 + w - 1. Let l be k(2). Suppose 0 = l*c - f - 83, -30 = c - 3*c + 2*f. Let y = -21 + 38. What is the greatest common factor of y and c?
17
Let c be (0 - 405/2)*-2. Calculate the greatest common divisor of 162 and c.
81
Let i = 38 - 38. Supp